 3*w = l. Let i(r) = 8*r**2 + 3*r - 1. Let f be i(3). Suppose 4*a - f = -w*a. List the prime factors of a.
2, 5
Let h be (4/3)/(6/9). Suppose n + a = h, -a + 2 = -n - 3*a. List the prime factors of n.
2, 3
Suppose 0 = 6*f - 3*f - 168. List the prime factors of f.
2, 7
Suppose -5*j - 4*g + 6 = 0, 3*g - 7*g - 4 = 0. What are the prime factors of (-15)/j*(-3 - -1)?
3, 5
Let u = -8 - -6. Let l be (u - -4)/((-2)/(-5)). Suppose 4 = -4*f - 4*g, 5*g = -f + 3*g - l. List the prime factors of f.
3
Let y = 2 + -7. Let u = 7 + y. List the prime factors of u.
2
Suppose 6*r - 10*r + 200 = 0. List the prime factors of r.
2, 5
Suppose -3*s + 69 + 63 = 0. List the prime factors of s.
2, 11
Suppose 2 = -2*f + 12. Suppose 15 = -0*b + f*b. List the prime factors of b.
3
What are the prime factors of (42/(-8))/((-27)/144)?
2, 7
Let f(r) = 57*r**2 - r + 1. Let v be f(1). Let p = v - 33. List the prime factors of p.
2, 3
Let u(p) = -p**3 + 7*p**2 + 8*p + 8. Let d(c) = 5*c - 2. Let o be d(2). Let s be u(o). Suppose 0 = i - 3*i + s. List the prime factors of i.
2
Suppose -n + 0*n = -13. Let z = n - 3. List the prime factors of z.
2, 5
Let a(n) = n**3 + 5*n**2 + 4*n + 2. Let j be a(-4). Suppose z = j*z - 3. Suppose -11 = -2*y + l, z = -4*y - 5*l + 4. List the prime factors of y.
2
Suppose i - 37 = s, -7 - 52 = -2*i - s. What are the prime factors of i?
2
Let p be -7 - -1 - (-8 - -10). What are the prime factors of 0 - 3 - -2 - p?
7
Suppose -11 = -5*l - 0*h + 3*h, 4*l + 2*h = 22. Let p be l/(-2) - (0 - 3). Let y = 6 + p. List the prime factors of y.
7
Let z = -81 - -190. What are the prime factors of z?
109
Suppose z - 2 = 5*p - 1, -3*p + 21 = 3*z. List the prime factors of z.
2, 3
Let l(d) = -4*d - 6*d + 3*d. Let h be l(2). Let w = h - -21. List the prime factors of w.
7
Let a(n) = -2*n**3 - n**2 + n + 1. Let u be a(-1). List the prime factors of (-1)/((-2)/(u + 9)).
5
Let t(v) be the third derivative of v**6/120 - v**5/30 - v**4/8 + v**3/3 + 3*v**2. List the prime factors of t(3).
2
Let k = 26 - 15. Let m be -2 - -5 - 8/1. Let t = m + k. List the prime factors of t.
2, 3
Let r be 2*-3*2/(-12). Let m(x) = 51*x**3 + x**2. What are the prime factors of m(r)?
2, 13
Suppose 2*n = 6*n + 16. List the prime factors of (-66)/n*20/15.
2, 11
Let c = -288 + 417. What are the prime factors of c?
3, 43
Let n = -43 + 72. What are the prime factors of n?
29
Suppose -22 = -4*x + 30. What are the prime factors of x?
13
List the prime factors of 8/(-20) + (-426)/(-15).
2, 7
Suppose 9 = -w + 4*w. Let r be (1 - -1) + -1 + w. List the prime factors of ((3 - r) + 0)*-14.
2, 7
Let k(w) be the third derivative of -w**5/60 - 7*w**4/24 + 2*w**3/3 + w**2. List the prime factors of k(-6).
2, 5
What are the prime factors of (65 - (1 - -3)) + -2?
59
Suppose -4*b - 4 = v + 8, 0 = 5*b - 3*v + 15. Suppose 4*g = -x + 2*x + 23, -x = -2*g + 11. List the prime factors of (g + -1)/(b/(-6)).
2, 5
Let f = -2 + -4. Suppose -4*g - a = -45, a + 51 = -g + 5*g. Let b = g + f. List the prime factors of b.
2, 3
Let z be 2/(-1 + 165/159). Let o be (-12)/(-66) - z/(-11). Suppose 5*p - 4*r - 60 = p, -p + o*r + 3 = 0. List the prime factors of p.
2, 3
Suppose m = 4*g - 80, -3*g + 2*m + 36 = -24. List the prime factors of g.
2, 5
Let p be (-85)/25 - (-4)/10. Let j = 8 + p. Suppose -5*q - 2 = 3*k, 3*q + j = 4*k - 31. What are the prime factors of k?
2, 3
Suppose -3 = 3*o - 0*o, 4*w = 5*o + 9. Let s be (4/(-4))/(w/(-91)). What are the prime factors of s/14 - (-1)/2?
7
Let n(q) be the third derivative of q**4/8 + q**3 - 6*q**2. What are the prime factors of n(6)?
2, 3
Let g = 136 + -85. Suppose p + 2*p = g. Suppose -l + p - 4 = 0. List the prime factors of l.
13
Let l = -3 - -6. Suppose 6*z - l*z = 12. What are the prime factors of z?
2
Let r = 49 + 24. List the prime factors of r.
73
Suppose -a + 4*h = -9, -2*a + 5*h - 61 = -5*a. What are the prime factors of a?
17
Suppose 0 = -k + c + 200, -c + 5*c + 392 = 2*k. What are the prime factors of k?
2, 3, 17
Let f = -91 + 190. List the prime factors of f.
3, 11
Let r(f) = -f**3 + 18*f**2 + 26*f - 20. List the prime factors of r(19).
113
Let a(n) = 5 + 0*n**2 - 1 - 3*n - n**2 + 3*n**2. Suppose 5*t = -2*f + 25, f + 8 = 4*t + 1. What are the prime factors of a(t)?
13
Let x = -43 - -97. What are the prime factors of x?
2, 3
Let b = -3 + 0. Let c = b + 7. Suppose -c*a = f + 4*f - 88, a + 63 = 3*f. What are the prime factors of f?
2, 5
Let m = -29 + 47. List the prime factors of m.
2, 3
Let w = -115 + 196. What are the prime factors of w?
3
Let w(a) = a**3 + 14*a**2 + 9*a + 51. List the prime factors of w(-10).
19
Let z(y) = -y**3 + 8*y**2 + y - 1. Let p be z(8). Let u(h) = 4*h - 8. What are the prime factors of u(p)?
2, 5
Suppose -5*g + 1502 = -2*r, 0*g = -2*g - 5*r + 624. What are the prime factors of g?
2, 151
List the prime factors of 5/(69/(-24) + 3).
2, 5
Let i(s) = -2 + 2 + 2*s - 2. Let h be -3*(-3 + (-2 - -4)). What are the prime factors of i(h)?
2
Let u(y) = y**3 - 5*y**2 + 7*y - 2. Let i be u(5). Suppose i = 2*b + 2*r + r, -4*b = -5*r - 33. What are the prime factors of b?
2, 3
Let z(a) = 6*a**3 + a**2 - a + 1. Let b be (-5)/(-5)*(-2)/(-2). List the prime factors of z(b).
7
Let p = 1 - -4. Suppose -3*y - y - p*d = -43, 2*y - 14 = -4*d. List the prime factors of y.
17
Suppose 353 = -5*n - 237. What are the prime factors of n/(-10) + (-2)/(-10)?
2, 3
Let g(r) = 7*r**3 - 2*r**2 - r + 2. What are the prime factors of g(2)?
2, 3
Let z = 3 - 3. Suppose 4*o = -z + 4. List the prime factors of (0 + -3)/((-1)/o).
3
Suppose -2 = -0*g + g. Suppose -6*o - 36 = -2*o + h, 5*h + 30 = -5*o. Let n = g - o. List the prime factors of n.
2
Let h(m) = -m**3 - 5*m**2 - 4*m + 4. Let r be h(-4). Suppose -r*c + 68 - 8 = 0. What are the prime factors of c?
3, 5
Suppose -72 = 4*y - 6*y. Suppose -3*j + 6*j = y. List the prime factors of j.
2, 3
Let x(a) = -a**2 - 1. Let k = -18 - -13. Let l(z) = -6*z**2 + 6*z - 11. Let j(o) = k*x(o) + l(o). What are the prime factors of j(4)?
2
What are the prime factors of -4*(114/(-4))/3?
2, 19
Let o(l) = 29*l + 9. What are the prime factors of o(2)?
67
Suppose 3*a = h - 5*h + 44, 4*a = -4*h + 56. Suppose 5*g = 2*g + a. List the prime factors of g.
2
Let a = -178 + 327. List the prime factors of a.
149
Let w = 52 - 97. Let k = -32 - w. What are the prime factors of k?
13
Let t(b) = -6*b**2 + 1. Let f be t(-1). Let q(h) be the third derivative of -h**6/120 - h**5/15 + h**4/8 - h**3/2 - 3*h**2. What are the prime factors of q(f)?
7
Let u be 1/(-6) + 78/36. List the prime factors of 0 + (-69)/(-3) - u.
3, 7
Let j(u) = -3*u**3 - 2*u - 1. Let z = 3 + -4. Let q be j(z). Let d(t) = t + 3. What are the prime factors of d(q)?
7
Let m(n) be the third derivative of 0*n + 0 - n**3 - 2*n**2 - 1/60*n**5 + 5/12*n**4. What are the prime factors of m(8)?
2, 5
Let r(v) = -v**2 - 22*v + 45. What are the prime factors of r(-22)?
3, 5
Let p be 1*2/4*6. Suppose p*w = -w - 12. List the prime factors of (0 + -1)*(-10 - w).
7
Suppose 0 = -3*y + y - 4, 3*m = -3*y + 18. Let f(p) = p**3 - 6*p**2 - 12*p + 5. List the prime factors of f(m).
37
Suppose -4*g - 3*z + 399 = 0, 0 = 5*g - g + z - 405. List the prime factors of g.
2, 3, 17
Suppose 3*p = -4*y + 7*p + 136, 3*y + p = 110. List the prime factors of (-8)/y + (-580)/(-18).
2
List the prime factors of ((-183)/(-9))/(-1)*-3.
61
Let p(f) = -4*f + 3. Let h = -5 - -12. Suppose -h*u - 15 = -2*u. What are the prime factors of p(u)?
3, 5
Let g = -7 + 3. Let n(d) = -10*d - 4. What are the prime factors of n(g)?
2, 3
Let b = -77 + 130. Let g = 78 - b. What are the prime factors of g?
5
Let a = 238 - 168. List the prime factors of a.
2, 5, 7
Let v = 19 + -1. Suppose -j - v = j. What are the prime factors of 6/j*9/(-2)?
3
Suppose -32 = 4*o - 4*f, 15 = -5*o + 4*f - 21. Let t be (2/o)/(3/36). Let g(q) = -q + 2. What are the prime factors of g(t)?
2
Let x = 23 - 16. List the prime factors of x.
7
Let g be (43 - -1)/2 + 2. What are the prime factors of g/15*(0 + 5)?
2
Let r = 8 + 7. List the prime factors of r.
3, 5
Let a(d) = d**3 + 17*d**2 + 26*d + 25. What are the prime factors of a(-14)?
3, 83
Let x(z) = -z**3 + 8*z**2 + 12*z + 7. Let u be x(9). Let q = -24 + u. What are the prime factors of q?
2, 5
Let s(h) be the first derivative of 4*h**3/3 + h